 of o?
6
Let s(j) = 6*j**2 - 18*j + 769. What is the tens digit of s(36)?
9
Suppose 742 = -c + 5*x, 0 = -3*c + x - 0*x - 2198. What is the hundreds digit of (-8)/3*c/16?
1
Suppose 293*g + 2847 = 296*g. What is the hundreds digit of g?
9
Suppose 24 = 4*t - 3*x, 8*t - 4*t + 4*x + 4 = 0. Suppose i + 1 = l, -4*i = -t*l - 2*l. What is the units digit of l/6*4719/(-22)?
3
Let a(i) = -2*i**2 + 8*i - 7. Let d be a(3). What is the units digit of 2 + d - ((-3645)/9 + 2)?
4
Let c(k) = 3651*k - 4. What is the units digit of c(2)?
8
Let d = 59 + -67. What is the tens digit of 2 - 4 - (d - 280)?
8
Let x(j) = -2899*j - 6606. What is the tens digit of x(-3)?
9
Let b = -496 - -587. Let o be (-6666)/(-24) - (-1)/4. Suppose -3*f = -o - b. What is the hundreds digit of f?
1
Let g = 138 + -144. Let w(j) = -2*j**3 + j**2 - 14*j - 10. What is the hundreds digit of w(g)?
5
Suppose 10*l - 11*l = -9*l + 201136. What is the tens digit of l?
4
Let j(z) = z + 25. Let o(m) = 4*m + 75. Let b(n) = 11*j(n) - 4*o(n). Let c be b(-3). Let t(h) = -9*h + 9. What is the units digit of t(c)?
9
Suppose 2*h + 15 - 25 = 0. Suppose 0 = h*u + 7*q - 5*q - 300, 0 = 2*q - 10. What is the units digit of u?
8
Suppose 3*o + 3 = -t + 1, -t = -o - 2. Let y be -4 - -25 - (-2)/t. Suppose 0 = y*a - 21*a - 178. What is the tens digit of a?
8
What is the units digit of ((-655)/(-60) - 11) + (-414421)/(-12)?
5
Suppose 0 = -632*l + 620*l + 89520. What is the tens digit of l?
6
Suppose 3*o - 122 = -107. Suppose 0 = -o*s - 855 + 7125. What is the hundreds digit of s?
2
Let a(u) = -u**3 - 5*u**2 + 5*u + 4. Let y be a(-6). What is the hundreds digit of y/(-55) - 11400/(-22)?
5
Let m(a) = a**3 + 13*a**2 + 10*a - 17. Let b be m(-12). Suppose 0 = h - b*h + 30. What is the units digit of 868/20 + 3/h + -1?
3
Suppose 3*t = n - 372 - 479, -4*n - t + 3352 = 0. Suppose 848*l - 1188 = n*l. What is the hundreds digit of l?
1
Let d(i) = 10*i - 133. Let y be d(15). Suppose l + y = 18, 0 = -2*z + l + 2301. What is the hundreds digit of z?
1
Let g = 137 - 50. Suppose g - 327 = 5*k. Let f = k - -60. What is the tens digit of f?
1
Suppose -4*j - 5*d = -36758, -3*d = 72 - 54. What is the units digit of j?
7
Suppose 0 = -9*o - 32*o + 164. Suppose 3*d - 893 = o*x, -d + 5*x + 302 = 8*x. What is the hundreds digit of d?
2
Let o(k) = -821*k - 14. Suppose -2*i - i = -4*n - 17, -4*n - 19 = -i. What is the tens digit of o(i)?
0
Let i(n) = -n**3 + 48*n**2 + n + 340. What is the hundreds digit of i(39)?
0
Suppose 2*l - 39*s - 25302 = -44*s, -3*s = -4*l + 50604. What is the ten thousands digit of l?
1
Let d(m) = -m**3 + 16*m**2 + 10*m - 34. Let p be d(17). Let j = 79 - p. What is the hundreds digit of j?
2
Let h(b) = -b**3 + 8*b**2 + 71*b - 121. What is the units digit of h(-19)?
7
Suppose 0 = -4*z + 3*z - 5*h - 76, h = -2*z - 143. What is the hundreds digit of 35/4*(-3124)/z?
3
Let k = 10124 + -4823. What is the hundreds digit of k?
3
Let t(k) = 97*k**2 + 388*k + 2746. What is the hundreds digit of t(-7)?
7
Let s be (-1 + 107)*3/((-24)/(-4)). Suppose 0 = -i + 52 + s. What is the tens digit of i?
0
Suppose -5*y + 45 = -5*a, -12*a + 3*y = -15*a - 33. Let c(t) = -t**3 - 9*t**2 + t + 2*t - t + 1. What is the units digit of c(a)?
1
Let d(g) be the first derivative of 302*g**3/3 + 3*g**2/2 + g - 23. What is the units digit of d(1)?
6
Let x be 12/3 - 0 - (-4 + 2). Let g be 3 - (18/x + 0/(-2)). Suppose 2*s - 29 - 23 = g. What is the units digit of s?
6
Let c = -10652 - -21475. What is the ten thousands digit of c?
1
Let g = 13302 + -6932. What is the thousands digit of g?
6
Let g be (-5)/(-2) - 2/(-4). Let y be 99/6*((-72)/g)/4. Let k = -7 - y. What is the tens digit of k?
9
Let y(v) = 13*v**3 + 11*v**2 - 1. Let t be (-1)/((-1)/(12 - 4)*2). What is the hundreds digit of y(t)?
0
Let p(a) = -132*a - 25. Let o(l) = -924*l - 176. Let z(x) = -3*o(x) + 20*p(x). What is the hundreds digit of z(3)?
4
Let k(w) = 10*w**3 - 6*w**2 - 35*w + 178. What is the thousands digit of k(5)?
1
Let u = -40874 - -65232. What is the thousands digit of u?
4
Let s = -814 + 829. Let f(i) = 4*i**2 + 19*i - 92. What is the hundreds digit of f(s)?
0
Let w(p) = 1398*p**2 - 206*p + 970. What is the hundreds digit of w(6)?
0
Let b = 33124 - 16946. What is the ten thousands digit of b?
1
Let o(g) = -g**2 + 32*g + 184. Let t be o(37). What is the units digit of (-19 + t + 11)*395/(-3)?
5
Let f = 828 - 2111. Let y = 1798 + f. What is the tens digit of y?
1
What is the tens digit of (67 - -3737)*2/(-6)*-2?
3
Let d(p) = 3402*p - 7384. What is the tens digit of d(7)?
3
Let t(z) = 291*z**3 - 38*z**2 + 110*z + 19. What is the tens digit of t(4)?
7
Let f = -18 - -34. Suppose -r + f = 13. Suppose -r*h + 26 = -358. What is the units digit of h?
8
Let t be 76*(-3 - (3 - -1)). Let z = t - -778. What is the hundreds digit of z?
2
Let s(z) = z**3 + 10*z**2 - 4*z - 1. Let g(b) = b**2 + 11*b + 12. Let m be g(-10). Let l be -15 + m - (-15)/5. What is the units digit of s(l)?
9
Let n(i) = -i**2 - 27*i - 2. Let r be n(-18). Let f = r + -55. What is the units digit of f?
5
Suppose 13*b - 6563 - 99517 = 0. What is the thousands digit of b?
8
Let x(w) = -w**2 - 7*w - 6. Let z be x(-5). Suppose 4*j + 824 = z*l, l = -j + 208 - 6. What is the tens digit of l?
0
Let n(r) = 2816*r - 5854. What is the hundreds digit of n(10)?
3
Suppose -148 - 41 = -7*i. Let f be 6/i - 180/81. What is the tens digit of (-12)/(-9)*(10 - f)?
1
Suppose 1752 = -16*d + 296216. What is the ten thousands digit of d?
1
Let t(k) be the first derivative of 28*k**3 + 3*k**2 - 28*k + 12. Let m(c) be the first derivative of t(c). What is the hundreds digit of m(1)?
1
Let n be 21/((-126)/(-1292))*30/2. Suppose 4*z - n = 3*g + 1466, -5*z + 2*g + 5870 = 0. What is the thousands digit of z?
1
Let i = -223 - -430. Let l be ((-11)/(-3))/(21/504). Let s = i - l. What is the units digit of s?
9
Let b(a) = -a**3 + 10*a**2 - 27*a + 12. Let w be b(5). Suppose -4*o + 303 = y, -5 = w*y - 11. What is the units digit of o?
5
Let o(d) = 8*d - 5. Let h be o(2). Suppose -h*u - 4 = -10*u. What is the units digit of 18/u*(-4)/3?
6
Suppose 10*a = 4429 + 4191. Suppose -58 = -5*g + a. What is the hundreds digit of g?
1
Suppose y - 3*t = 19043, 4*t - 43070 = 4*y - 119298. What is the tens digit of y?
6
Let i = -37 - -36. Let y be (3 + (-56)/4)/i. What is the units digit of y/((-55)/(-580))*2?
2
Let q be 9/6*(-36)/54. What is the units digit of 5 + 281 + q - -3?
8
Suppose 42*c + 56910 = 36*c + 21*c. What is the units digit of c?
4
Let x = -32246 - -60462. What is the ten thousands digit of x?
2
Let c = -6 + 41. Let j be (8/10)/(14/c). Suppose 0 = x - n - 3 - 0, 4*x = -n + j. What is the units digit of x?
1
Let s be ((-2)/2 + -2)*158/(-237). Let c = -22 + 11. What is the tens digit of s/c + (-1962)/(-22) + -3?
8
Let u = -23 - -3. Let n be 15/u*44/(-1 + 0). Suppose -17 - n = -h. What is the units digit of h?
0
Let g be (-5 - -9)/4 - (0 + -1). What is the units digit of g/((-6)/(-9))*(-2 + 47)?
5
Let c be (-2)/(((-20)/100)/(2/4)). What is the tens digit of (6 - c)*(65 - -2)?
6
Let r(l) = 7*l**2 + 277*l - 16. What is the hundreds digit of r(-45)?
6
Let t(w) = w**2 - 7*w + 9. Let y = 39 + -37. Let u be t(y). What is the units digit of (u - 0)*-50 - 3/1?
7
Suppose 0 = -3*j - 5*v + 187120, -5*j - 53*v + 49*v = -311832. What is the hundreds digit of j?
3
Let m = 360 + -339. Suppose 2899 + m = 20*w. What is the tens digit of w?
4
Let h(n) = -6*n**3 - 18*n**2 - 86*n + 6. What is the tens digit of h(-7)?
8
Let q = -442 + 749. Suppose -19*k + q = -18*k. What is the units digit of k?
7
Let n(k) = -131*k - 90. Let f be n(12). Let t = f + 2681. What is the hundreds digit of t?
0
Let w = 1290 + -654. Suppose -6*n = -618 - w. What is the tens digit of n?
0
Suppose 1989*d - 7932 = 1983*d. What is the tens digit of d?
2
Suppose 40050 = 4*k + 3*u, -5*k + 2*k - 3*u = -30042. What is the hundreds digit of k?
0
Let x be (1 - 4) + 16 - -1. Suppose -14 - 42 = -x*u. What is the units digit of u?
4
Let p(t) = t**3 + 15*t**2 + 15*t + 16. Let k = -49 - -35. Let z be p(k). Suppose z*u - 195 = 11. What is the units digit of u?
3
Suppose -42775 = 37*f - 146190. What is the tens digit of f?
9
What is the hundreds digit of ((-16)/3)/((-478)/342009)?
8
Let i(l) = -67*l - 2. Let z(t) = 6